-105)*-21. What is the greatest common factor of 4 and x?
2
Suppose 68 = -4*d + 9*j - 7*j, 3*d + 4*j = -62. Let m be 38/8*-6*24/d. Calculate the greatest common divisor of 418 and m.
38
Let s(t) = 11*t**3 - 45*t**2 + 69*t + 3. Let z be s(3). Calculate the greatest common factor of z and 618.
6
Suppose 5*r + 5*r = 350. Suppose -r*f = -49*f + 1456. What is the greatest common divisor of 78 and f?
26
Suppose 21*u + 303 = -75. Suppose 2*r + 4*n - n = 108, 2*r = 2*n + 108. Let f = u + r. What is the greatest common divisor of f and 90?
18
Let m(h) = 187*h**3 - 11*h**2 - 4*h + 4. Let q be m(3). Calculate the greatest common factor of q and 14.
14
Suppose -6*m - 660 = -60. Let k be (-4*5)/(m/125). Let v be 127 + 0 + -1 - 1. Calculate the highest common factor of k and v.
25
Suppose 0 = -j - 4, -4*k + 7*k = -5*j + 1420. Suppose 52*c + 1330 = -198*c + 5080. Calculate the greatest common divisor of c and k.
15
Let z(y) = -y**2 - 17*y - 7. Let o be z(-10). Suppose 0 = 34*v - 275 + 37. Let l be (v/3)/(34/102). Calculate the highest common factor of o and l.
7
Suppose 0*v - 4*b + 574 = v, 0 = -2*b - 8. What is the highest common divisor of 1534 and v?
118
Let o(v) = -30*v**2 - 4*v - 5. Let d be o(-2). Let c(x) = -56*x**2 - x. Let w be c(1). Let q = w - d. Calculate the greatest common divisor of q and 40.
20
Let z be (-1 - -21) + (-50)/(-10). Let s(g) = 46*g**2 + 7*g - 3. Let c be s(1). Calculate the greatest common divisor of c and z.
25
Let l(s) = -s**2 + 11*s + 20. Let p be l(12). Suppose -p*m - 103 + 407 = 0. Calculate the highest common divisor of 19 and m.
19
Let x(c) = -17*c + 141. Let p(w) = 20*w - 142. Let u(r) = 4*p(r) + 5*x(r). Let h be u(12). Calculate the greatest common divisor of 7 and h.
7
Let b be 12/(-4) - ((-1098)/2)/(-3). Let l = b + 278. Calculate the greatest common divisor of 23 and l.
23
Let p be -24*(57/(-9) - -6)*4. What is the greatest common divisor of 1632 and p?
32
Suppose -179*f + 184*f = -2*c + 13, f = 6*c - 87. What is the greatest common factor of 5026 and c?
14
Suppose 3*i = 2*p + i - 1216, 5*i - 632 = -p. Suppose 2*f + p = 19*f. Calculate the highest common divisor of f and 63.
9
Suppose -3*q = -3*k - 16856 + 1511, -5130 = -q + 4*k. What is the greatest common divisor of q and 35?
35
Suppose 204 = -2415*n + 2421*n. Suppose -7*r - 51 = -527. Let m = 102 - r. What is the greatest common factor of n and m?
34
Let o be -1 + 9 + 17 + -9. Suppose -1493 = -5*d + 27. What is the greatest common divisor of o and d?
16
Let u be (((-2744)/20)/(-1))/(6/15). Let m = -335 + u. Calculate the greatest common factor of 152 and m.
8
Let l = -6226 + 8204. Calculate the highest common divisor of l and 258.
86
Let c be -1 + (-2)/6 + (-99008)/(-204). Let n = -239 + c. Let b = 12 + 37. Calculate the greatest common factor of b and n.
49
Let q(d) = d**3 - 15*d**2 + 24*d + 31. Let v be q(13). Let a = 419 - 274. Calculate the highest common factor of v and a.
5
Let k = 9015 + -8644. Calculate the highest common factor of k and 1643.
53
Suppose 81 + 87 = -85*b + 89*b. Suppose 3*c = 4*x - 0*x + 162, -2*c = -4*x - 108. Suppose -282 - c = -i. Calculate the greatest common factor of b and i.
42
Let r be 2/(-5) - -22*(-4)/(-20). Suppose r*t - 20 = k, t + 2*k = -2*t + 26. What is the greatest common divisor of 57 and t?
3
Let d(k) be the second derivative of 2*k**3 + 31*k**2 + 164*k. Let w be d(-2). What is the greatest common factor of w and 57?
19
Let p = -930 - -1723. Let i = 908 + p. Calculate the greatest common factor of i and 21.
21
Let h = 44 + 36. Let t(g) = -g**3 + 19*g**2 - 83*g - 23. Let m be t(11). What is the highest common factor of m and h?
16
Let r = -244 + 415. Suppose -2*m + 105 = 2*p - 277, -m + 3*p = -r. Calculate the greatest common factor of 62 and m.
62
Suppose -9*f = 4 + 14. Let o(x) = -4*x**3 - 2*x**2 - x + 2. Let h be o(f). Suppose -33*d + 70 = -h*d. Calculate the highest common factor of 7 and d.
7
Suppose 0 = -5443*t + 5436*t + 7371. What is the highest common factor of t and 81?
81
Let b = 20281 - 20008. Let r(v) = 6*v**2 + 2*v + 1. Let g be r(-2). What is the highest common factor of b and g?
21
Let n = 61 + -35. Suppose -5*i - 401 = 54*m - 55*m, 0 = -5*m + 2*i + 2074. What is the greatest common factor of n and m?
26
Let d be -11 - ((0 - 49) + 11). Calculate the greatest common factor of 1485 and d.
27
Let j(z) = 2*z**2 - 2*z. Let d be j(5). Suppose -479 + 1887 = -8*u. Let p = -168 - u. Calculate the highest common factor of d and p.
8
Let h(i) = -i**3 + 2*i**2 - 2*i + 96. Let v be h(0). Let t = 1306 + -1138. What is the greatest common divisor of t and v?
24
Let j be (3600/(-810))/((-2)/27). Let v = 11 - 7. Suppose -3*g + 2*a = -145, -a - 2*a + 165 = v*g. Calculate the highest common factor of g and j.
15
Suppose 5*j + 125*l - 190 = 120*l, -3*l = 4*j - 147. What is the greatest common factor of 143 and j?
11
Suppose -y = 3*q - 70, 4*q = 3*q - 3*y + 26. Let j = 37 - q. Let b = 347 - 179. Calculate the highest common divisor of j and b.
14
Let t = -70 - -70. Suppose 110 = 2*h + 4*l, t = -4*h - 2*l + 205 - 15. Let y(m) = 2*m**2 + 27. Let c be y(12). What is the highest common divisor of c and h?
45
Let t = 16330 - 9234. What is the greatest common factor of t and 8?
8
Let q be (-2 - 0) + 64/2. Suppose 27179 = 23*n + 27041. Calculate the highest common divisor of n and q.
6
Suppose 3*j = 4*j + 3*q - 9, -20 = 4*q. Let w(r) = 43 - r - j - 15. Let v be w(-4). Calculate the greatest common factor of 40 and v.
8
Suppose 0 = -23*g + 354 + 106. Let s be (0 - g/(-45)) + (-437)/(-9). Calculate the greatest common divisor of s and 56.
7
Suppose 9 = -2*c - 7*c. Let v be c/7 - 198/(-63). Let k(i) = i**3 - 4*i**2 + 3*i + 5. Let p be k(v). What is the greatest common factor of 5 and p?
5
Let u(z) = z**2 - 38*z + 63. Let d be u(36). Let m be d + 14 - (-818)/2. Calculate the greatest common factor of 46 and m.
46
Suppose 2*z - 2*u - 12 = 0, 0 = -z - 3*z + 3*u + 24. Let l(r) = r**3 + 9*r**2 - 41*r - 346. Let c be l(-6). Calculate the highest common divisor of c and z.
2
Let s(l) = 77*l**2 - 59*l - 261. Let b be s(-4). Calculate the highest common divisor of b and 142.
71
Let x(w) = 7*w + 17. Let q be x(3). Suppose -q*i + 11503 = 1129. What is the highest common factor of 42 and i?
21
Let v = 267 + -261. Let m(s) = -s**3 + 4*s**2 + 19*s - 4. Let a be m(v). Suppose -730 = -3*q + 68. Calculate the highest common factor of q and a.
38
Suppose 1214*d - 1211*d - 2*c = 44, 3*c - 6 = 0. Calculate the highest common divisor of d and 6960.
16
Let d be 256/16 - (4 - 2). What is the highest common factor of 8708 and d?
14
Suppose -116 - 3754 = 12*n - 52674. What is the highest common factor of n and 147?
49
Let g be 16/(-11 + 7) - -15. Let n(d) = d**3 - 13*d**2 + 28*d - 29. Let r be n(g). What is the highest common divisor of r and 1147?
37
Let c = 547 - 54. Let q = 558 - c. What is the highest common factor of 5 and q?
5
Let t = 4202 + -4069. Calculate the highest common divisor of 28 and t.
7
Suppose 13 - 16 = -3*o. Let b be ((-22)/8)/(o/(-28)). Let a = b - 37. Calculate the greatest common divisor of a and 8.
8
Suppose -4*g + 3200 = 4*r, -3188 = 67*r - 71*r + 2*g. Calculate the greatest common divisor of 9 and r.
3
Let a be -5*(-14)/(-175) - (-17768)/20. What is the greatest common divisor of a and 108?
12
Let q be -1 + 6 + (-75512)/(-20) + (-111)/185. What is the highest common factor of q and 126?
126
Suppose 5 - 7 = i. Let v be (-8)/6*3 - 24/i. Let f be ((-2*176)/(-4))/1. Calculate the greatest common factor of f and v.
8
Let t = 16100 + -16036. What is the greatest common factor of t and 856?
8
Suppose 30*z - 68*z + 12*z = -338. Let y be 2*(-1)/((-4)/26). Calculate the highest common factor of z and y.
13
Let m be ((-56)/(-42) - 1174/(-24))*(3 + 305). What is the highest common factor of m and 21?
21
Let c be ((-4)/(-7))/((-36)/(-309222)) - 66/231. Calculate the greatest common factor of c and 36.
12
Let l(m) = 1520*m - 2072. Let p be l(4). What is the highest common factor of 72 and p?
24
Let b = 244 - 160. Let m(k) = -k**2 - 10*k - 17. Let g be m(-5). Let n be (g - 4) + (7 - -1). What is the highest common divisor of b and n?
12
Let a = 14 - 10. Let w(p) = 10*p**2 - 570*p - 8226. Let g be w(-12). What is the highest common factor of g and 